
{"id":40076,"date":"2024-05-28T09:19:08","date_gmt":"2024-05-28T09:19:08","guid":{"rendered":"https:\/\/www.fqgalicia.org\/?post_type=mec-events&#038;p=40076"},"modified":"2024-05-28T09:19:08","modified_gmt":"2024-05-28T09:19:08","slug":"i-andaina-solidaria-activemos","status":"publish","type":"mec-events","link":"https:\/\/www.fqgalicia.org\/gl\/eventos\/i-andaina-solidaria-activemos\/","title":{"rendered":"I ANDAINA SOLIDARIA ACtiVemos"},"content":{"rendered":"<p>O Domingo 7 de Abril ter\u00e1 lugar a primeira andina solidaria pola discapacidade en As Neves. Esta partir\u00e1 \u00e1s 10:30h da Plaza Mayor de As Neves.<\/p>\n","protected":false},"excerpt":{"rendered":"<p>O Domingo 7 de Abril ter\u00e1 lugar a primeira andina solidaria pola discapacidade en As Neves. Esta partir\u00e1 \u00e1s 10:30h da Plaza Mayor de As Neves.<\/p>\n","protected":false},"author":5,"featured_media":0,"comment_status":"open","ping_status":"closed","template":"","tags":[],"mec_category":[36],"class_list":{"0":"post-40076","1":"mec-events","2":"type-mec-events","3":"status-publish","5":"mec_category-actividades-gl"},"jetpack_sharing_enabled":true,"_links":{"self":[{"href":"https:\/\/www.fqgalicia.org\/gl\/wp-json\/wp\/v2\/mec-events\/40076","targetHints":{"allow":["GET"]}}],"collection":[{"href":"https:\/\/www.fqgalicia.org\/gl\/wp-json\/wp\/v2\/mec-events"}],"about":[{"href":"https:\/\/www.fqgalicia.org\/gl\/wp-json\/wp\/v2\/types\/mec-events"}],"author":[{"embeddable":true,"href":"https:\/\/www.fqgalicia.org\/gl\/wp-json\/wp\/v2\/users\/5"}],"replies":[{"embeddable":true,"href":"https:\/\/www.fqgalicia.org\/gl\/wp-json\/wp\/v2\/comments?post=40076"}],"wp:attachment":[{"href":"https:\/\/www.fqgalicia.org\/gl\/wp-json\/wp\/v2\/media?parent=40076"}],"wp:term":[{"taxonomy":"post_tag","embeddable":true,"href":"https:\/\/www.fqgalicia.org\/gl\/wp-json\/wp\/v2\/tags?post=40076"},{"taxonomy":"mec_category","embeddable":true,"href":"https:\/\/www.fqgalicia.org\/gl\/wp-json\/wp\/v2\/mec_category?post=40076"}],"curies":[{"name":"wp","href":"https:\/\/api.w.org\/{rel}","templated":true}]}}

<p>O Domingo 7 de Abril terá lugar a primeira andina solidaria pola discapacidade en As Neves. Esta partirá ás 10:30h da Plaza Mayor de As Neves.</p>
